2*o - v. What is the units digit of o?
0
Suppose -6*q + q + 2*c = 47, 4*q + c = -35. Suppose -3 = n, -4*t - 3*n - 48 = 29. Let y = q - t. What is the units digit of y?
8
Let o(p) = 4*p**2 - 12*p + 12. Let j(i) = -3*i**2 + 11*i - 12. Let m(x) = 5*j(x) + 4*o(x). What is the units digit of m(6)?
6
Suppose 2*r - 3804 = -2*n, -2835 = -r - 3*n - 929. What is the hundreds digit of r?
9
Suppose 4*k = -16, -k = 5*i - 0*k - 776. What is the hundreds digit of 2/(-12) + 36686/i?
2
Let q = -678 - -1122. What is the tens digit of q?
4
Suppose -17*f + 19*f + 3*m - 5542 = 0, 2770 = f + m. What is the hundreds digit of f?
7
Let c = -600 + 1303. Suppose -3*k - a = -799, -5*k + 4*a = -606 - c. What is the tens digit of k?
6
What is the hundreds digit of 2 - (-282 + 0) - -7?
2
Let g = 344 + -238. Let f = 197 - g. Let n = -36 + f. What is the tens digit of n?
5
Let o be 3 + -24 + 4/(-1). Let c = 4 - o. What is the units digit of c?
9
Suppose -5*q = -0*a + 4*a - 287, a + 2*q - 68 = 0. Suppose a = 2*b - 122. What is the units digit of 2*(b/8 + -2)?
1
Suppose 0 = -5*f + 4*z + 22 + 9, -3*z = 3*f + 3. Suppose -264 = -5*l + f*l. Let m = l + -88. What is the tens digit of m?
4
Let k = -2201 - -3133. What is the tens digit of k?
3
Suppose -q - 3*k + 353 = 0, 4*q - 5*k - 287 - 1210 = 0. What is the units digit of q?
8
Let n = 549 + -298. Suppose 6*w - 4*x - n = 3*w, 4*w = 4*x + 332. What is the units digit of w?
1
Suppose -5*t + 2*t = 6. Let k = 55 + t. Suppose -2*v - b + k = 2*v, -4*b - 4 = -2*v. What is the tens digit of v?
1
Let r(f) = -4*f**3 - f**2 + 2*f - 1. Let w be r(-2). Let k = w - 7. Let p = k + 19. What is the units digit of p?
5
Let w = 2117 - 1236. What is the tens digit of w?
8
Let c(g) = -g**2 - 10*g + 9. Suppose -4*s + 72 - 8 = 0. Let n = s - 24. What is the tens digit of c(n)?
2
Suppose j - 5*w = -14, -4*j - 7 = j - 4*w. Suppose -25 = -d + j. What is the tens digit of d?
2
Let z be (-2)/((-14)/(-6) + -3). Let m be ((-6)/(-8))/(z/12). Suppose 0 = -0*h - m*h + 48. What is the units digit of h?
6
Let u(p) = p**3 + 3*p**2 - p + 2. Suppose -4*t - d - 17 = -4, -2*d = t + 5. What is the units digit of u(t)?
5
Let o(y) = -20*y - 118. Let j be o(-6). Suppose -4*u + 58 = 10. Suppose -2*v + u = -t - 2*t, -j*v - 4*t + 40 = 0. What is the tens digit of v?
1
Suppose -7158 = -5*s + 752. What is the units digit of s?
2
Let m = 2276 + -1491. What is the tens digit of m?
8
Suppose -19*h + 17*h - 2320 = -4*k, 3*h - 2320 = -4*k. What is the hundreds digit of k?
5
Suppose 17*m - 1324 = -66. What is the tens digit of m?
7
Suppose -6*s + 29 = 77. Let y(i) = i**2 + 2*i + 10. What is the units digit of y(s)?
8
Suppose -2*l + 41 = 3*v, -4*v - 2 + 61 = 3*l. Let f = 13 - l. Suppose -u + f + 8 = 0. What is the units digit of u?
8
Suppose 0 = -m - 5 + 113. Suppose m = -l + 7*l. What is the units digit of l?
8
Suppose 2*l + 46 = -a + 306, -4*l - 3*a = -520. What is the units digit of l?
0
Let k = 1232 + 1287. What is the thousands digit of k?
2
Let h(f) = 41*f - 6. Let t be 3/(2/(-6)*3). Let v be h(t). Let u = -80 - v. What is the tens digit of u?
4
Let c(n) = -n**3 - 4*n**2 + 13*n + 7. Let f be c(-6). Let q(g) = 152*g**2 + g - 1. What is the tens digit of q(f)?
5
Let d(p) be the second derivative of 7*p**3/2 + 4*p**2 - 5*p. What is the tens digit of d(2)?
5
Let b(o) be the third derivative of -o**6/120 + o**5/5 - o**4/2 + 8*o**3/3 - 6*o**2 + 3*o. Let y be (-21)/(-2) - 2/(-4). What is the units digit of b(y)?
5
Let w(f) = -114*f**3 - f. What is the units digit of w(-3)?
1
Let y(p) = 2*p**2 + 2*p - 4. Let q be y(2). Let b = 78 + q. What is the units digit of b?
6
Let s = -1055 - -1341. What is the tens digit of s?
8
Let a(f) = 203*f**2 + 3*f + 11. What is the tens digit of a(-2)?
1
Suppose -5*w + 0*p = p - 12, 2*w - 14 = -5*p. Suppose -h = -5*n + 2*h + 351, -n = -w*h - 73. What is the tens digit of n?
6
What is the units digit of (-6)/((-6)/23) - (-2 - -4)?
1
Let l(f) = -f**2 - 8*f - 3. Let c be l(-7). Suppose 5*r = -c*j + 2, 3*r + 6 = -0. Suppose -n - j*n + 76 = 0. What is the tens digit of n?
1
Let r(l) = -15*l - 2. Suppose 4*c + q = 0, 2*c + 2*q = 3*q. Suppose 3*j + 12 = 2*o + 2, 2*j - 2*o + 6 = c. What is the units digit of r(j)?
8
Suppose -6*p - 15 = -p. Let w be -6 - p - -2 - -3. Suppose 0 = o - 2*r - 20 - 6, w*r = 8. What is the units digit of o?
4
Let t be 6/(-8)*(-160)/24. Suppose y = t*k - 632, 5*k + 2*y = 225 + 401. What is the hundreds digit of k?
1
Let p(i) = i**2 - 23*i - 31. Let m be p(24). Suppose 0*l = l + 302. What is the tens digit of l/m - 24/168?
4
Let o = -3 + 5. Let d be (0/1)/(2 + -2 + -2). What is the units digit of (d + o)*4/8?
1
Suppose -2*i - 3938 = -4*t, -2*i + 680 = -3*t + 3636. What is the hundreds digit of t?
9
Suppose 0 = -3*g + 2*g. Suppose g = 3*c - 4 + 46. What is the units digit of 2/(1 + 13/c)?
8
Let x be ((-1)/3)/((-1)/18). Let t(p) = 3*p + 13. Let g(z) = 2*z + 12. Let q(l) = -6*g(l) + 5*t(l). What is the tens digit of q(x)?
1
What is the hundreds digit of 188 + 5 + (-30)/5?
1
Let r be ((-14)/7)/(2/(-6)). Let k = 10 - r. Suppose n - 16 + 60 = k*y, -5*n = -2*y + 22. What is the tens digit of y?
1
Let w = -426 - -664. What is the hundreds digit of w?
2
Let f(n) = 2*n**2 - 17*n + 5. Let p be f(7). Let i = 22 + p. What is the units digit of 413/21 - 4/i?
9
Let r(h) = h**3 + 5*h**2 - 5*h + 2. Let q be (-24)/3*1/(-2). Let c = 0 - q. What is the tens digit of r(c)?
3
Let k(u) = -u**3 - 7*u**2 - 3*u + 10. Suppose 2*w - 33 = 5*w + 3*q, 4*w + 36 = -2*q. Let g be k(w). Let m = g - 11. What is the tens digit of m?
2
What is the hundreds digit of 4/28*-7 + 2899?
8
Let o(p) = -p**2 - 10*p - 29. Let f be o(-7). What is the tens digit of f/(-10)*(12 - (-1 - 2))?
1
What is the units digit of 0 + -1 + (4 - 10147)/(-3)?
0
Let c = 255 + -152. Let d = c + -21. What is the tens digit of d?
8
Suppose 0 = -q - 2*q - u + 1267, -q - 3*u = -409. Suppose -5*s + 3*s + q = 0. What is the units digit of s?
2
Suppose -3768 = 17*t - 25*t. What is the units digit of t?
1
Let d = -2785 + 5456. What is the hundreds digit of d?
6
Let m(y) = -y**3 + y**2 + 218. Suppose 2*a - 3*o + 0*o = 0, -o = 0. What is the units digit of m(a)?
8
Let l be (-115)/(-35) + 4/(-14). Let o be 3/(l/(-36)*-1). What is the units digit of (1/(-2))/((-6)/o)?
3
Let z(k) = -2*k**2 + 448*k - 2 - 448*k + 10*k**3. What is the tens digit of z(2)?
7
Let f(j) = -161*j - 28. What is the tens digit of f(-3)?
5
Let g be (-243)/(-45) - 2/5. Let z(u) = 3*u + 1. Let m be z(14). Suppose -2*d + n = 3*d - m, -4*d = -g*n - 47. What is the units digit of d?
8
Suppose -3*r + 113 = -i, -5*i = -2*i - 4*r + 334. Let k = 155 + i. What is the tens digit of k?
4
Suppose 4*a + 1049 = 5*k, -30*a + 31*a = -2*k + 417. What is the units digit of k?
9
Let n(q) = -q**2 - 4*q + 7. Let o be n(-5). Suppose -2 + 18 = -4*b. What is the units digit of o + 3 + 0/b?
5
Let z = -1 - 2. Let a(d) be the third derivative of d**6/120 + d**5/10 - d**4/12 - d**3/6 - 43*d**2. What is the tens digit of a(z)?
3
Let j(u) = 2*u**2 - u + 3. Suppose 3*w - 4*w + 4*f + 26 = 0, 3*w - 5*f = 85. Suppose 4*q + q = -3*l + 6, -5*q + w = -5*l. What is the units digit of j(l)?
4
Let d be (0/(2/(-2)))/(6/(-3)). Suppose 5*b + 5*s = 260, -2*b + 102 = -d*s + 3*s. What is the tens digit of b?
5
Let c = 494 - -1272. What is the hundreds digit of c?
7
Let d(m) = -27*m - 209. What is the units digit of d(-38)?
7
Let x(g) = 20 - 5*g**2 + 3*g - 2*g - 38 + 17 - 2*g**3. What is the units digit of x(-4)?
3
Let v = 2088 + 1272. What is the hundreds digit of v?
3
Let v be 3 - (-344)/(-3 - -7). Let t be v/3 - (-4)/12. What is the units digit of 72/t*10/3?
8
Let l(d) = -201*d + 589. What is the units digit of l(-7)?
6
Suppose 7 = -x + 2*x. Let t = -3 + x. Let r(o) = -o**2 + 7*o + 3. What is the tens digit of r(t)?
1
What is the units digit of 3144/(-5 + 21/3)?
2
Let l(t) = -64*t + 11*t**2 - 53*t + 127*t + 10. What is the units digit of l(5)?
5
Let n(b) = -3*b + 10. Let t(c) = -c. Let r(m) = -n(m) + 4*t(m). Suppose 0 = -s - 5*i + 13, 4*s + 68 = 7*i - 3*i. What is the units digit of r(s)?
2
Let l(z) = 95*z + 171. What is the thousands digit of l(27)?
2
Let w(s) = 41*s**2 + 1. Let k be w(1). Suppose 6*i + k + 6 = 0. Let f(z) = -3*z - 12. What is the units digit of f(i)?
2
Suppose 4*m - 19 